0143 a multiple of 73?
True
Is 88 a factor of 1298459976?
True
Is 66490800 a multiple of 2010?
True
Does 141 divide 261127411?
False
Does 179 divide 300474841?
False
Does 76 divide 949267132?
True
Does 1582 divide 266507549?
False
Does 115 divide 479705771?
False
Is 6886211995 a multiple of 43?
True
Is 52 a factor of 152190010?
False
Is 381113172 a multiple of 8?
False
Does 68 divide 8587089?
False
Is 15576838 a multiple of 109?
False
Is 1432015100 a multiple of 1902?
False
Is 519060641 a multiple of 53?
True
Is 579228 a multiple of 35?
False
Does 10 divide 375275870?
True
Is 660 a factor of 66456302?
False
Is 42305035 a multiple of 448?
False
Is 12 a factor of 411983364?
True
Does 1211 divide 1523979917?
False
Does 43 divide 10494695?
False
Is 696995843 a multiple of 285?
False
Does 492 divide 43942488?
True
Does 13 divide 16665259?
True
Is 60 a factor of 3388380?
True
Does 40 divide 1503683760?
True
Does 17 divide 258277784?
False
Is 1349649 a multiple of 37?
True
Is 520 a factor of 28110356?
False
Is 4900294 a multiple of 98?
True
Does 95 divide 1544250640?
False
Is 176820273 a multiple of 1029?
True
Is 24117197 a multiple of 24?
False
Is 380 a factor of 677905721?
False
Is 61976359 a multiple of 30?
False
Is 85892550 a multiple of 5?
True
Is 9629077 a multiple of 1455?
False
Is 19187185 a multiple of 148?
False
Does 131 divide 51044492?
False
Is 10553187 a multiple of 165?
False
Does 79 divide 101447929?
True
Does 530 divide 382861930?
True
Does 43 divide 58267997?
False
Is 66207534 a multiple of 88?
False
Is 372 a factor of 17586300?
True
Is 2562 a factor of 549402086?
False
Is 32923758 a multiple of 974?
False
Is 305003835 a multiple of 249?
True
Is 219086868 a multiple of 1001?
True
Is 167 a factor of 2432483256?
True
Does 3 divide 983722?
False
Does 4566 divide 2398528932?
True
Is 3537456856 a multiple of 1403?
True
Is 4985 a factor of 3525611768?
False
Is 1882561714 a multiple of 2158?
False
Is 4527471312 a multiple of 504?
True
Does 644 divide 28745584?
True
Does 277 divide 2676653402?
False
Does 13 divide 29530449?
True
Does 7 divide 32857664?
True
Does 101 divide 912086964?
True
Is 258312881 a multiple of 50?
False
Does 15 divide 696725640?
True
Is 1450 a factor of 83303950?
True
Is 158 a factor of 145853592?
True
Does 21 divide 3243705150?
True
Does 36 divide 342376996?
False
Does 117 divide 177688719?
True
Does 209 divide 63277874?
False
Is 9 a factor of 8573146?
False
Is 567 a factor of 1545771276?
True
Is 18553227 a multiple of 7?
True
Is 349644378 a multiple of 1173?
False
Does 6227 divide 1073868908?
False
Is 7525642 a multiple of 25?
False
Does 34 divide 44254466?
False
Is 17133180 a multiple of 38?
False
Does 42 divide 14843376?
False
Does 19 divide 746579794?
False
Is 52605945 a multiple of 8533?
True
Is 732579693 a multiple of 31?
True
Does 3 divide 7524760?
False
Is 11 a factor of 210067363?
True
Is 6034 a factor of 41073438?
True
Is 115 a factor of 4383225?
True
Is 51 a factor of 336484465?
False
Is 3859278 a multiple of 41?
False
Is 611 a factor of 102515413?
True
Does 4812 divide 153396936?
True
Is 25 a factor of 34160650?
True
Is 648674161 a multiple of 10597?
True
Is 1131 a factor of 22941504?
False
Is 3046045935 a multiple of 11509?
False
Does 22 divide 4248870?
False
Is 1378 a factor of 2137594940?
True
Is 36 a factor of 1953672?
False
Is 11 a factor of 1372977933?
False
Does 192 divide 8643090?
False
Is 823663908 a multiple of 141?
True
Is 3691713 a multiple of 2?
False
Is 72154164 a multiple of 253?
False
Is 16327966 a multiple of 154?
False
Is 57 a factor of 114011058?
True
Is 471579465 a multiple of 21?
True
Is 151 a factor of 5854421?
True
Is 88276715 a multiple of 3?
False
Does 1548 divide 614033012?
False
Does 643 divide 35060836?
False
Is 788 a factor of 20613292?
True
Is 68033050 a multiple of 10?
True
Does 1259 divide 144744174?
False
Is 10 a factor of 95910650?
True
Is 372 a factor of 662017896?
True
Is 1928785095 a multiple of 2083?
True
Is 52 a factor of 41855060?
True
Does 9 divide 38092662?
True
Is 606 a factor of 273102887?
False
Does 16 divide 42951232?
True
Does 60 divide 63385860?
True
Does 453 divide 1138868727?
True
Is 2208 a factor of 689650740?
False
Does 364 divide 37774464?
True
Is 366025296 a multiple of 364?
True
Does 127 divide 17455769?
True
Does 473 divide 2829640?
False
Is 194 a factor of 1003587220?
True
Does 63 divide 530018672?
False
Is 58267147 a multiple of 961?
False
Does 603 divide 217185729?
False
Does 1054 divide 150998475?
False
Is 58492854 a multiple of 126?
True
Is 1133 a factor of 53403931?
False
Is 1022 a factor of 97335280?
True
Is 151 a factor of 5374845?
True
Is 380466524 a multiple of 743?
True
Does 86 divide 61196482?
True
Does 1760 divide 2252270240?
True
Is 2076432434 a multiple of 4480?
False
Is 4291262704 a multiple of 764?
True
Is 14 a factor of 1164415686?
True
Is 53643874 a multiple of 298?
True
Is 873 a factor of 5104758?
False
Is 1038092930 a multiple of 4685?
True
Does 2796 divide 1137695196?
True
Is 10 a factor of 35344060?
True
Is 75 a factor of 3757206890?
False
Does 2213 divide 1355510609?
False
Is 27 a factor of 417744?
True
Does 3 divide 333252757?
False
Is 15 a factor of 34319723?
False
Is 168 a factor of 21558600?
True
Is 206911508 a multiple of 556?
True
Does 7 divide 18104610?
False
Is 28924316 a multiple of 34?
False
Is 199484292 a multiple of 84?
True
Is 9 a factor of 856720171?
False
Is 11706474 a multiple of 2?
True
Is 243294849 a multiple of 26?
False
Does 5 divide 37693627?
False
Is 5 a factor of 210723475?
True
Is 60770098 a multiple of 924?
False
Is 1153179870 a multiple of 15?
True
Is 50 a factor of 31737800?
True
Does 50 divide 46818100?
True
Does 7 divide 1632004902?
False
Is 364 a factor of 492164036?
True
Is 1508693620 a multiple of 35?
True
Is 149 a factor of 169634414?
True
Is 4 a factor of 700234356?
True
Is 21 a factor of 5491103988?
False
Does 9 divide 51345208?
False
Does 4 divide 853930580?
True
Is 7481892 a multiple of 3?
True
Does 1745 divide 166192433?
False
Is 4335114 a multiple of 207?
False
Is 26545398 a multiple of 6?
True
Is 13921984 a multiple of 485?
False
Is 170214547 a multiple of 101?
False
Does 2172 divide 1655639580?
True
Does 183 divide 1566776094?
True
Does 494 divide 91177805?
False
Is 20 a factor of 79921520?
True
Does 139 divide 19262064?
True
Does 24 divide 110198424?
True
Is 1175833089 a multiple of 9?
True
Is 39 a factor of 664239846?
False
Is 101606130 a multiple of 1070?
True
Is 57 a factor of 1082316?
True
Is 3028335905 a multiple of 155?
True
Is 2 a factor of 146019?
False
Is 24 a factor of 401431618?
False
Is 30919938 a multiple of 259?
True
Is 1179 a factor of 116662277?
False
Does 305 divide 28594665?
True
Does 29 divide 386637?
False
Is 11 a factor of 16385421?
False
Is 658055853 a multiple of 351?
True
Is 479581407 a multiple of 153?
True
Does 36 divide 292531526?
False
Does 75 divide 1352850?
True
Is 1254424560 a multiple of 408?
True
Is 3 a factor of 107130650?
False
Is 34 a factor of 238409734?
True
Is 2203299 a multiple of 2?
False
Does 133 divide 42486421?
False
Is 319 a factor of 194867530?
True
Does 657 divide 1387139360?
False
Does 3 divide 95554605?
True
Is 393 a factor of 793308621?
True
Is 158894866 a multiple of 21?
False
Is 94168647 a multiple of 25?
False
Does 17 divide 132097517?
False
Is 249 a factor of 299353043?
False
Is 25711560 a multiple of 285?
True
Is 1414509684 a multiple of 21?
True
Is 884236697 a multiple of 19?
False
Is 120849400 a multiple of 140?
True
Does 424 divide 480597218?
False
Does 16 divide 631619024?
True
Is 90 a factor of 724639567?
False
Is 3 a factor of 547335579?
True
Is 256 a factor of 140828672?
True
Does 6 divide 9576962?
False
Does 57 divide 12120027?
False
Is 1991747500 a multiple of 2125?
False
Is 1364781159 a multiple of 30?
False
Does 248 divide 295428016?
True
Does 31 divide 63311400?
False
Does 10 divide 6409870?
True
Does 22 divide 767687118?
True
Does 13 divide 145540655?
True
Is 60230136 a multiple of 2131?
False
Is 10 a factor of 7815772?
False
Is 9015953 a multiple of 145?
False
Is 344640989 a multiple of 3619?
True
Is 4396 a factor of 12576956?
True
Is 1381764832 a multiple of 224?
True
Is 37054882 a multiple of 196?
False
Is 209823